In base 2, what is 101000011000 + -1000010010110101010?
-1000001101110010010
In base 16, what is d22196 - 3?
d22193
In base 5, what is 410 - 1023204244?
-1023203334
In base 5, what is -2031443204 - 102?
-2031443311
In base 9, what is -1 + -5352444?
-5352445
In base 12, what is -69a17b - 3?
-69a182
In base 11, what is 13953692 - -2?
13953694
In base 13, what is 4 - -33b38?
33b3c
In base 9, what is -22168850 - 0?
-22168850
In base 16, what is 209 - 3a5c2?
-3a3b9
In base 15, what is 2 - 7d2032e?
-7d2032c
In base 7, what is 66 - 102615?
-102516
In base 14, what is 51285a - -9?
512865
In base 15, what is 65cd - e25?
56a8
In base 4, what is -200 + 2023133002?
2023132202
In base 2, what is -1010111101110 - -1010100110101?
-10111001
In base 15, what is -2 - 155b6?
-155b8
In base 15, what is -48a58 + -148?
-48ba1
In base 14, what is 16d74 - -3a36?
1a9aa
In base 2, what is 100000001100101 - -1000000111001111?
1100001000110100
In base 9, what is -16422101 + 16?
-16422074
In base 4, what is 2121013 + -2013330?
101023
In base 7, what is -4625402 - 33?
-4625435
In base 12, what is 19353b8 + -177?
1935241
In base 2, what is 10 - -1011100000001001011101010?
1011100000001001011101100
In base 3, what is -202211112212 + 21?
-202211112121
In base 12, what is 19b475 + 320?
19b795
In base 8, what is 337226406 - -3?
337226411
In base 3, what is -22222 + -1222222101022?
-1222222201021
In base 9, what is 171 + 15034?
15215
In base 6, what is -122413 + -11131?
-133544
In base 5, what is 213 + -3431002433?
-3431002220
In base 11, what is 1 - 18089120?
-1808911a
In base 15, what is -147 - -7e5?
69d
In base 10, what is -2 - 2910085?
-2910087
In base 5, what is 110 + -2014413221?
-2014413111
In base 15, what is -30 + 224e7e?
224e4e
In base 16, what is 9d87 + -133c?
8a4b
In base 8, what is -123 + 1575424?
1575301
In base 9, what is 13274 - 57540?
-44255
In base 8, what is 122370 + -222?
122146
In base 5, what is 4 + -230013040?
-230013031
In base 9, what is 1141447 - -4?
1141452
In base 10, what is 5 + 2815032?
2815037
In base 7, what is 11360150 + -4?
11360143
In base 8, what is 263001 - 202?
262577
In base 3, what is -10202100022010 - -12?
-10202100021221
In base 13, what is 1417 + -13ac?
38
In base 9, what is 1627613 - -268?
1627882
In base 7, what is -511 + -12023513?
-12024324
In base 8, what is -132262223 + 4?
-132262217
In base 9, what is 120 - 100630?
-100510
In base 3, what is -2021212212211 + 101?
-2021212212110
In base 5, what is 14 + -1120303301?
-1120303232
In base 4, what is -133100 + 30100?
-103000
In base 4, what is -10302230 + -2?
-10302232
In base 2, what is 100 - -1011001100111110001110?
1011001100111110010010
In base 11, what is 64653aa7 - 4?
64653aa3
In base 9, what is 28702117 + -1?
28702116
In base 4, what is 10103 - 213201223?
-213131120
In base 8, what is -64042 - 251?
-64313
In base 16, what is -2338758 - -9?
-233874f
In base 4, what is -21110210331 + -23?
-21110211020
In base 14, what is -51dd93 - 5?
-51dd98
In base 9, what is -642678225 + 7?
-642678217
In base 9, what is 0 + -58575177?
-58575177
In base 14, what is 2ba7a6 - 2c?
2ba778
In base 11, what is -4 - -6466425?
6466421
In base 11, what is 503 + 4467?
496a
In base 3, what is 11 + -21110202010112?
-21110202010101
In base 14, what is -5ddbd91 - -b?
-5ddbd84
In base 7, what is -2 + 3326450?
3326445
In base 5, what is -1321 + 301004?
244133
In base 14, what is b715014 - 0?
b715014
In base 6, what is 304435453435 + -1?
304435453434
In base 4, what is 303013 + 310102?
1213121
In base 11, what is 5169a4 - 30?
516974
In base 8, what is -1040352174 - -6?
-1040352166
In base 2, what is 110110111101001101010 + -110011000?
110110111100011010010
In base 14, what is 8ac - 16d09?
-1643b
In base 4, what is 23103221300 + -2?
23103221232
In base 14, what is -4271 - -924?
-374b
In base 10, what is -106789 + 112?
-106677
In base 11, what is 2 + 187565a?
1875661
In base 13, what is -2 + -283066?
-283068
In base 16, what is 33 - -7ee4?
7f17
In base 13, what is -2 + -1c4005a?
-1c4005c
In base 16, what is 1ff + -15f2f?
-15d30
In base 8, what is -17 + 1520545?
1520526
In base 4, what is 2 + 1323120012122?
1323120012130
In base 4, what is -1322210302231 + -3?
-1322210302300
In base 2, what is -1 + 10000101000010001010011?
10000101000010001010010
In base 9, what is -12 + -83851505?
-83851517
In base 12, what is -75066b + 1a4?
-750487
In base 9, what is -45 - -32240?
32184
In base 15, what is -207b6bc + 3?
-207b6b9
In base 16, what is 4378 + 2ee?
4666
In base 14, what is -5 - -11977c3?
11977bc
In base 7, what is -133060 - 114626?
-251016
In base 12, what is -a18 - -4906?
3aaa
In base 16, what is -4027 + 5dd?
-3a4a
In base 2, what is 111111010010 - 1100111011?
110010010111
In base 4, what is -212 - 130321003?
-130321221
In base 6, what is -3 - 253541033?
-253541040
In base 15, what is -289e - b28b?
-db3a
In base 7, what is -153 - 4565543?
-4566026
In base 11, what is 157 + -10761a5?
-1076049
In base 16, what is 17f + 84d4?
8653
In base 5, what is -3310320 - -2340?
-3302430
In base 11, what is -8873130 + -1?
-8873131
In base 13, what is -542612 + 43?
-54259c
In base 12, what is -726 - -1635?
b0b
In base 7, what is 133112026 - -100?
133112126
In base 4, what is 31312202220312 + 1?
31312202220313
In base 13, what is 4186a3 - 1?
4186a2
In base 16, what is 18 + -4788a4?
-47888c
In base 7, what is 1123 - -120020?
121143
In base 15, what is 2e - -2d842?
2d871
In base 4, what is -3302 + 102301213?
102231311
In base 10, what is -91273401 - 2?
-91273403
In base 11, what is -52 - -5500906?
5500864
In base 8, what is -120216 + -5130?
-125346
In base 10, what is 17 - 1935494?
-1935477
In base 7, what is 13 - 3604151053?
-3604151040
In base 2, what is -10000100 + -1000011111110101101001?
-1000011111110111101101
In base 13, what is -90 + 1a373?
1a2b3
In base 8, what is 35651 + -667?
34762
In base 4, what is -132102010110 - -120?
-132102003330
In base 11, what is -153 - -275719?
275576
In base 13, what is -1c9c - 6b1?
-2680
In base 3, what is 2110002201 + 21122?
2110101100
In base 15, what is 5 + -e9c856?
-e9c851
In base 2, what is -1010001001001011 - -111110011110?
-1001001010101101
In base 8, what is -2362432 + -243?
-2362675
In base 7, what is -3 + -2143112234?
-2143112240
In base 11, what is -434 + 7647?
7213
In base 7, what is 6 + -104056306?
-104056300
In base 15, what is -79b + 358ab?
35110
In base 9, what is 3028123014 - 5?
3028123008
In base 16, what is 4011db + 10?
4011eb
In base 12, what is 81635 + 12?
81647
In base 6, what is 22153 - 12150?
10003
In base 16, what is -2 - 8c830?
-8c832
In base 6, what is 522 - 21033?
-20111
In base 3, what is 1 - 2100012002?
-2100012001
In base 11, what is -4 + -515875?
-515879
In base 3, what is -12200 + 10112220020001?
10112220000101
In base 5, what is -10422 - 121001?
-131423
In base 2, what is 10011 + 101110110011111000?
101110110100001011
In base 2, what is 100111101 - -1011011110?
10000011011
In base 15, what is -76c79 - -98?
-76bd1
In base 8, what is -14235 - -27246?
13011
In base 14, what is 4001513 + -5?
400150c
In base 6, what is -140 + 5550135?
5545555
In base 13, what is -a912 - -2935?
-7caa
In base 8, what is 0 - -34761707?
34761707
In base 10, what is -52778 - -1127?
-51651
In base 15, what is -33581b5 + 2?
-33581b3
In base 9, what is 1 + 1462710?
1462711
In base 10, what is 6 - -1490077?
1490083
In base 11, what is -61 + 43372?
43311
In base 2, what is 110110010101100101101110000 + 101?
110110010101100101101110101
In base 11, what is 22a718 + 12?
22a72a
In base 14, what is 157281 - 27?
157258
In base 2, what is 111101010001001010111 + -111010?
111101010001000011101
In base 12, what is -8922601 + 32?
-892258b
In base 12, what is 2810760 - 5?
2810757
In base 5, what is 11340330121 + 14?
11340330140
In base 14, what is 40 + -20ad0?
-20a90
In base 16, what is -1e3d996 - 3?
-1e3d999
In base 6, what is -35 - 15552014?
-15552053
In base 11, what is -5 - 1042a618?
-1042a622
In base 9, what is -415415772 + 0?
-415415772
In base 12, what is 166871 + -87?
1667a6
In base 11, what is -40 + 1a8269?
1a8229
In base 5, what is -134 + 43033231?
43033042
In base 8, what is -354 - 1641?
-2215
In base 7, what is -33502 - -11015?
-22454
In base 12, what is -335 - 11703?
-11a38
In base 3, wha